be 7 + (20/20)/((-2)/(-6)). Suppose i = -13*m + 88. Let z(s) = -s**3 + 7*s**2 - 6*s - 1. What is z(m)?
-1
Let i(o) = 2*o - 46. Let y = -13030 - -13020. Calculate i(y).
-66
Let q(n) = -5*n + 8*n**3 + 3*n**2 + 2*n**2 + 12 - 6*n**2 - 13*n**3. Let j(v) = -9*v**3 - v**2 - 9*v + 22. Let m(r) = -6*j(r) + 11*q(r). Determine m(-2).
-10
Let c(y) = -y**2 - 5*y - 3. Let j = 1770 - 1775. Determine c(j).
-3
Let u(y) be the first derivative of -15*y**4/4 + y**3/3 - 1. Suppose 3*x = 7*x - 12. Suppose -x*b - 2*a = -3, 3*b = -a + 3*a - 9. Determine u(b).
16
Let s(q) = 4*q**2 + 1. Let r = 495 - 489. Let h(z) = -21*z**2 - 5. Let g(p) = r*s(p) + h(p). Give g(-3).
28
Let l(y) = 132 + 2*y**2 - 7*y**3 + 6*y**3 - 106. Calculate l(0).
26
Suppose 4*x - 5*u + 443 = 317, -60 = 2*x - 4*u. Let r(m) = -4*m**2 - 134*m + 65. Give r(x).
-3
Let t(v) = 56*v + 28. Let i(k) = 26*k + 13. Let a(c) = 13*i(c) - 6*t(c). Suppose -4*p = -2*u + 7*u + 3, -3*p - 4*u = 1. Calculate a(p).
-13
Let w(z) = -4*z**3 - 51*z**2 + 8*z - 55. Let v be w(-13). Let b(u) = -u**3 + 9*u**2 + 9*u + 3. What is b(v)?
-7
Let y(u) = 7*u**2 + 5*u + 3. Let j(r) = -2*r**2 - 2*r - 1. Let f(t) = 11*j(t) + 4*y(t). Let w = 48 - 45. Suppose -w = -3*s - 0. What is f(s)?
5
Let u = -29 + 21. Let h(n) = 10*n - 1. Let t(w) = 14*w + 1. Let a(m) = -3*h(m) + 2*t(m). Calculate a(u).
21
Let d(z) = 677*z - 629106*z**2 + 629105*z**2 - 684*z + 8. Let v be -3*(1 - -1) - 1. What is d(v)?
8
Let w(c) be the first derivative of 2*c**3/3 - 62*c + 4438. Determine w(6).
10
Let j(p) be the first derivative of -p**3/3 + 12*p**2 - 31*p + 106. Give j(23).
-8
Let g(h) = -h - 1. Suppose n - 78 = -i, -2*n + 4*i + i = -191. Suppose -4*v - 3 = -v, -5*u + 3*v + n = 0. Suppose -u*y = -18*y - 4. Calculate g(y).
1
Let y(c) = 1. Let t(a) = -a**2 - 9. Suppose -2*z - 2*w = 2*z + 14, -5*z - 2*w = 15. Let l(b) = z*t(b) - 6*y(b). What is l(0)?
3
Let c(b) = 17*b + 9. Let u be (-8 + -2)*(-3)/(-6)*1. Give c(u).
-76
Let j(c) = -3*c + 4. Let q be -5*(26/(-5) + 5) + 4. Let u be -3 + (-7)/((-7)/q) - -1. Calculate j(u).
-5
Let h be (-8)/(48/54) - -2. Let v(j) be the second derivative of j**4/12 + 11*j**3/6 + 2*j**2 + 2*j. What is v(h)?
-24
Suppose -4*u - a - 1946 = 0, -479 = u + 5*a - a. Let d = u + 487. Let i(r) = r**3 - r - 2. Give i(d).
-2
Let n(l) = l**3 - 3*l**2 - 5*l + 3. Suppose -3*j = -6*j. Let k(w) = 12*w**2 + 11*w - 24. Let v be k(2). Suppose x + v - 49 = j. Give n(x).
-12
Suppose 10*i - 1409 - 141 = 0. Suppose -126 = -i*c + 173*c. Let n(q) = q + 14. Calculate n(c).
7
Let w(v) be the first derivative of 9*v + 1/3*v**3 + 10 + 5*v**2. Let d be (-8)/(-6)*-1*6. Give w(d).
-7
Suppose -3*a + 12 = a, -5*c + 18 = a. Suppose -5*w + 1425 = 2*z + 2*z, c*z + 5*w = 1065. Let u(b) = -2*b**2 - z + b**3 - 357 + 715. What is u(3)?
7
Let z(v) be the second derivative of -v**5/60 + v**4/3 - 5*v**3/3 + 11*v**2/2 - v + 3. Let j(c) be the first derivative of z(c). What is j(7)?
-3
Let n(h) = h**3 + 48*h**2 - 268*h - 156. Let f be n(-53). Let w(b) be the first derivative of -4*b**2 + b + 1. Give w(f).
-23
Let t(f) = -2 + 24 - 22 + 23 + 0*f - f**2 + 2*f. Determine t(6).
-1
Let j(o) = 11*o**2 - o**3 - 16*o + 3*o**2 + 2 - 4*o**2 + 0. Let a be j(8). Suppose -6*b - 2 + a = 0. Let n(g) = g**2 + g + 7. What is n(b)?
7
Let i(g) = g**3 + 13*g**2 + 19*g - 31. Let l be i(-11). Let z(d) = 6*d - 13*d**2 - 6*d**2 + d**2 + 10 + 19*d**l. Calculate z(-4).
2
Let n(h) = 10*h + 12. Let v be 45/(-75)*175/15. Give n(v).
-58
Let z(k) = 9*k - 2*k - 14569 + k**2 + 14573. Determine z(-8).
12
Let c = -107 - -131. Let i be (-2)/24*-2 + 20/c. Let u(a) = 4*a + 8*a - 2*a - 4*a. Calculate u(i).
6
Let w(z) = -10*z - 21206 + 10615 + 10598. Give w(-5).
57
Let o(l) = 14*l + 35. Let q(j) = 36*j + 107. Let x(y) = 8*o(y) - 3*q(y). Give x(14).
15
Let a(y) be the second derivative of y**4/12 + 2*y**3 + 11*y**2/2 + 1046*y. Suppose 16 = -3*p + p. What is a(p)?
-21
Let a(f) = 11*f + 52. Suppose -70*s - 1274 = 112*s. Determine a(s).
-25
Let o = 1 + 1. Let f(n) = 0*n - 1 + o + n. Suppose -34*u = 123*u. Give f(u).
1
Let c(k) = 9*k**2 - 1. Let p(h) be the first derivative of 6*h**3 - 2*h + 67. Let u = 22 + -17. Let r(b) = u*c(b) - 2*p(b). Calculate r(1).
8
Let s be (-3)/(-2) - 4/(-8). Suppose -4*l + 0*l - s*x + 16 = 0, -8 = 2*l - 3*x. Let v be 0 + l + 2 - 2. Let c(h) = 2*h**3 - 2*h**2 + 2. Give c(v).
10
Let p(y) = -y**2 + 6*y - 1. Let i(b) be the first derivative of b**4/4 - 8*b**3/3 - b**2/2 + 15*b - 1. Let o be i(8). Determine p(o).
-8
Let x(b) = 3*b - 2. Suppose 0 = -19*w - 51 - 7 - 18. Calculate x(w).
-14
Let b(y) = 3*y - 17. Let w(u) = 13*u + 8 - 32*u + 18*u. Let d(z) = -2*b(z) - 5*w(z). Determine d(0).
-6
Let m(u) = -5*u + 78. Let w(g) = 4. Let q(k) = -m(k) - w(k). Give q(20).
18
Suppose 165*s + 63 = 144*s. Let o(t) = -t**3 + 2*t**2 + 11*t - 1. Determine o(s).
11
Let t(h) = h**3 + 8*h**2 - 9*h + 7. Let g = 217 - 214. Suppose 0 = 4*q - 5*b + 61, -g*q + 4*b = 6*b + 17. Give t(q).
7
Let x = -52 - -79. Suppose -5*v - 10 = 3*u - x, 4*v = u. Let z(n) = -4*n**3 - n**2. Determine z(v).
-5
Let k(c) = 34 + 24 + 7*c - 3*c**2 - 3*c - c - 62. Suppose -4 = -q - 2. Determine k(q).
-10
Let d(x) be the second derivative of x**5/4 + x**4/12 - x**3/6 + x**2/2 - 514*x. Let h(p) = 2*p + 33. Let t be h(-16). What is d(t)?
6
Let q(w) = w**3 - w**2 + 3*w + 53. Let a(d) = 2*d**3 - d**2 + 13*d + 102. Let s(g) = 4*a(g) - 9*q(g). Determine s(7).
8
Suppose 48*f = 51*f, -3*f = -2*m + 18. Let w(b) = -2*b**3 - 9*b**2 - 3*b + 4. Let t(r) = 3*r**3 + 9*r**2 + 4*r - 3. Let n(y) = -3*t(y) - 4*w(y). Give n(m).
-7
Let s(q) = 17*q - 81. Let m = -23491 + 23495. Give s(m).
-13
Let o(t) = 11*t**3 + 3*t**2 - 8. Let v(p) = 3*p**3 + p**2 - p - 1. Let q(u) = -o(u) + 4*v(u). What is q(-5)?
-76
Suppose 3*m + 3*x = 204, -5*m - 2*x + 49 + 282 = 0. Let n(r) = -m + 5*r**2 + r**3 + 74 + 2*r**2 - r. Determine n(-7).
16
Suppose -4*t + 31 = 3*y, 4*t - 31 - 10 = -5*y. Suppose y*f = -2*l + 15, -l - 3*l = -20. Let n(a) = -5*a + 6*a - 3 + 20*a**3 - a + 2. Determine n(f).
19
Let w(q) = 3*q - 1. Suppose 208 = -6*h + 19*h. Suppose -h + 12 = 4*i. Calculate w(i).
-4
Suppose -3*j = -5*j + 10. Let q(x) = 6 + 2*x**3 - x**3 + 31546*x**2 - 31553*x**2. Determine q(j).
-44
Let l(v) be the first derivative of -3*v**2/2 + 10*v - 16495. Let c(y) = 5*y**2 - 2*y + 1. Let b be c(1). What is l(b)?
-2
Let f(p) be the third derivative of p**5/20 - 23*p**4/8 + p**3 + 23*p**2 + 9*p + 7. What is f(23)?
6
Let v be (-4 - (-48)/15)/((-4)/400). Let s(l) = 1 + 21*l**3 + 2*l - v*l**3 + 58*l**3. Give s(2).
-3
Let n(m) be the third derivative of 6*m - 1/24*m**4 + 0 + m**3 + m**2. Let h be (-6)/9 + 32/(-6). Calculate n(h).
12
Let i(o) be the second derivative of 7/2*o**2 + 1/12*o**4 + 0 + 236*o - 2/3*o**3. Let a(u) = 6*u**2 - 1. Let k be a(1). Give i(k).
12
Let p(i) = -3*i**2 - 19*i + 52. Let u(n) = 4*n**2 - 3*n**2 - 4*n**2 - 17 + 7*n + 4*n**2. Let s(a) = 3*p(a) + 8*u(a). What is s(0)?
20
Let g(b) = -b**3 - 23*b**2 + 20*b + 22. Let r be (7 - 9) + -1 + 2 + -22 + -1. Determine g(r).
118
Suppose h - 6 = -2*h. Suppose h*i - 3*x - 5 = 0, 0*i - 12 = -3*i + 3*x. Let q(z) = 11*z + 4 - 15*z + i + 5*z. Calculate q(0).
11
Let j(x) = 4*x - 4337*x**2 + 1 + 4335*x**2 + 6. Let u(w) = w**3 + 2*w**2 - 25*w - 1. Let b be u(-6). Determine j(b).
-23
Let o(h) be the first derivative of 7*h**2 + 5*h + 4. Let z(j) = 5*j + 2. Let c(q) = -6*o(q) + 17*z(q). Suppose -7 = -2*g + 3. Give c(g).
9
Suppose -2*m + 7*m - 45 = 0. Let z(x) be the first derivative of 8/3*x**3 - 13*x + 14 - 1/4*x**4 + 5*x**2. Determine z(m).
-4
Let r be 4/(-70) + (-26076)/(-4305). Let l(z) be the second derivative of 7/12*z**4 - 4/3*z**3 - 10*z + 0 - 1/20*z**5 + 1/2*z**2. Calculate l(r).
-11
Let t(d) = d**3 - 6*d**2 + 6*d - 4. Suppose -3*l = -f - 17, -6*l + 3*l - f + 13 = 0. Calculate t(l).
1
Let s(x) = -x**2 - x. Let m(r) = -19*r + 23. Let n be m(0). Suppose -2*j = -y, -5*j = -n*y + 20*y - 1. Calculate s(j).
0
Suppose -3*u = r - 3 - 0, 2*r = -4*u + 2. Let p(b) = -56 - u*b + 26 + 27. Calculate p(8).
-19
Let b(s) = -7*s**2 - 8*s - 2. Suppose -128 - 76 = 51*d. What is b(d)?
-82
Let g(y) = 4 + 107*y - 109*y + 0 + 3. Let l(i) = -1. Let m(a) = g(a) + 6*l(a). Suppose 0 = 4*d - r - 2, 2*d + 3*r - 5*r + 2 = 0. Give m(d).
-1
Let t = 14995 + -14991. Let a(c) be the second 